ded by i(-6)?
9
Let w be -1 + 48 + 1 + -3. Suppose 2*t + 4 = 12. Suppose -w = i - t*i. Calculate the remainder when 57 is divided by i.
12
Let j be -2 - -4 - (1 + 4). What is the remainder when 11 is divided by (j - -1) + (-16)/(-2)?
5
Suppose 0 = -5*u + 24 + 711. Let j = u + -82. Suppose 5*f - j = -t, -6*f + 4*f + t = -33. Calculate the remainder when f is divided by 4.
2
Let f be (-6)/(-5)*(-20)/6. Let t = f - -16. Calculate the remainder when 46 is divided by t.
10
Let n = 79 + -51. Suppose 2*w = -v + 8, -4*w + n = -2*v - 2*v. What is the remainder when 12 is divided by w?
2
Suppose -136 = -0*d - 4*d. Suppose 7*i - 34 - 15 = 0. What is the remainder when d is divided by i?
6
Let v be 6/21 + (-16)/7. Let b be 12 + 5/((-5)/v). Suppose -b = -4*a - 0*y - 2*y, 5*a - 13 = -4*y. What is the remainder when 9 is divided by a?
4
Let y(o) = -91*o**2 + 17*o + 2. Let c(j) = 46*j**2 - 8*j - 1. Let p(h) = 13*c(h) + 6*y(h). What is the remainder when p(-1) is divided by 14?
11
Suppose o + 14 = 2*o. What is the remainder when -21*(0 + (-5)/(70/36)) is divided by o?
12
Suppose -4*c + 5*l + 0*l + 47 = 0, -4*l = -c - 2. Calculate the remainder when 70 is divided by c.
16
Suppose f = 4*b + 3*f - 16, 2*b - 5*f = -16. Suppose b*z + 54 = 5*z. Calculate the remainder when 35 is divided by z.
17
Let n = 45 - 22. Suppose 5*k = 3 + 7. Suppose 3*z - 24 = -k*o - z, 36 = 3*o - 4*z. Calculate the remainder when n is divided by o.
11
Suppose -3*r = 3*b - 12, 4*r - 1 - 17 = -5*b. Let a = 45 + -43. Calculate the remainder when a is divided by r.
0
Let z be (-72)/(-7) - 4/14. Let l = -15 + z. Let x = l + 20. What is the remainder when 28 is divided by x?
13
Let x be 29/(-6) - (-4)/(-24). Calculate the remainder when 14 is divided by 1/x - (-246)/30.
6
Let q(z) = -26*z**2 + 1. Let o be q(1). Let v = 274 + -267. What is the remainder when (-2)/(-1) - (0 + o) is divided by v?
6
Let q = 77 - 75. Calculate the remainder when 6 is divided by q.
0
Suppose 0 = 5*w - 9 - 1. Let k(j) = 3 + j**2 + 2*j**3 + 1 - 4*j**w - 5*j. What is the remainder when 30 is divided by k(3)?
14
Let t = 23 - 4. Suppose 0 = -3*h + h. Suppose h = -2*b + 3*u + 26, -4*b + 5*u + 34 = -2*b. Calculate the remainder when t is divided by b.
5
Calculate the remainder when 34 is divided by (-129)/(-15) - 2/(-5).
7
Suppose 3*x + 5 = -1. Let z be x/8 - (-1)/4. Suppose z = -2*n + 4 - 2, 0 = r - 2*n - 19. What is the remainder when r is divided by 11?
10
Suppose -2*i + 178 = -78. What is the remainder when i is divided by 26?
24
Suppose -3*w - 25 = -4*w. Calculate the remainder when w is divided by 6*(2/4 + 1).
7
What is the remainder when 51 is divided by 940/50 - (-1)/5?
13
Suppose -4*b + 4 = -16. Suppose b*k - 3*v = 23, 5*k + 3 - 18 = -5*v. Calculate the remainder when 15 is divided by k.
3
Suppose -2*c = 0, 0 = 3*q - 2*c - 0*c - 24. What is the remainder when 33 is divided by (18/q)/((-2)/(-16))?
15
Suppose 0 = 8*b - 26 - 214. What is the remainder when 59 is divided by b?
29
Let x = -27 - -38. Let g = -23 - -44. What is the remainder when g is divided by x?
10
Let y(r) = -r**2 - 6*r + 1. Calculate the remainder when 19 is divided by y(-3).
9
Let r be (-2)/(8/58)*-4. Suppose 0*f - 2*f + r = 2*x, 2*x - 2*f = 74. Calculate the remainder when x is divided by 17.
16
Let q(d) = 5*d**2 - 2*d + 3. Suppose 8 = 5*g - 5*o - 12, -4*g = 5*o - 43. Calculate the remainder when q(2) is divided by g.
5
Suppose 136 = -3*c + 7*c. Calculate the remainder when c is divided by 18.
16
Let w(t) = 5 - 2*t - t**2 + 2*t**2 + 3*t. Let b be w(-5). Suppose -3*c + 14 + b = 0. Calculate the remainder when 24 is divided by c.
11
Let t = -13 + 55. What is the remainder when t is divided by 2/(((-12)/15)/(22/(-5)))?
9
Suppose 5*k + j = 86, 3*j + 14 = k - 0*j. Calculate the remainder when 47 is divided by k.
13
Suppose 10 = 2*r - l - 3*l, -r = 2*l - 17. Calculate the remainder when 61 is divided by r.
6
Suppose 2*l = l + 51. What is the remainder when l is divided by 13?
12
Let b(v) = v**3 - 6*v**2 - v + 3. Let g be b(5). Let f = -13 - g. Suppose -4*a = 5*u - 208, 2*u - 2*a = -8 + 84. What is the remainder when u is divided by f?
12
Suppose 7 = 10*s - 33. Suppose -3*f = -x - 2*x + 36, -5*x = 4*f - 60. What is the remainder when x is divided by s?
0
Let v be -1 + 1 + (-3 - -14). Suppose 3*o - v = 28. What is the remainder when 37 is divided by o?
11
Let z(c) = c**2 + 7*c + 7. What is the remainder when 1 is divided by z(-6)?
0
Let m(g) = g + 18. Calculate the remainder when 19 is divided by m(-8).
9
Let l = 38 + -16. What is the remainder when 63 is divided by l?
19
Let r be -2*(-2 + 3) - -307. Let i be (-4)/14 + r/(-35). Let m = 5 - i. What is the remainder when m is divided by 5?
4
Suppose 0 = -0*t - 4*t + 80. What is the remainder when -95*(-1 + (-6)/(-10)) is divided by t?
18
Let v = -66 - -30. Calculate the remainder when -1 - v - (-4)/(-4) is divided by 20 + -7 + 2*-2.
7
Suppose -4*m + 31 = 11. What is the remainder when 22 is divided by m?
2
Suppose 5*v = -5*c + 80, -2*v + v + 13 = 4*c. Let f(z) = 2*z + 2. What is the remainder when v is divided by f(4)?
7
Let g(o) = o**2 - 22*o + 35. Calculate the remainder when 66 is divided by g(22).
31
Suppose 5 = -4*q - 5*d + 22, 2*d + 6 = 0. Suppose -3*g + 6 = -0*g, -q = -3*a + 5*g. What is the remainder when a is divided by (-1 - 2)/((-6)/8)?
2
Let m(q) = q**3 - 3*q**2 + q - 1. Let i be m(3). Let n(y) = 4 + i*y - 4*y + 0*y**2 + y**2. Calculate the remainder when n(5) is divided by 7.
5
Suppose 4*h + 2 = 94. What is the remainder when h is divided by 5?
3
Suppose -b + 3*b = -4*i + 126, 0 = -5*i + 2*b + 180. Calculate the remainder when 101 is divided by i.
33
Suppose 3*w = 43 - 7. Suppose 4*z = -59 - 29. Let h = 12 - z. Calculate the remainder when h is divided by w.
10
Suppose 3*r - 6*r = h - 16, 5*h = -4*r + 47. Suppose 3*w = -2*w + 65. What is the remainder when w is divided by h?
6
Suppose 4*f - 20 = -0*f. Let v be (-468)/(-20) - (-2)/(-5). Suppose t = -2*a + v, -t + f*t - 57 = -a. What is the remainder when 50 is divided by t?
11
Let q = 23 - 12. Let g be 2 - (1 + 11/1). Let d(y) = y**2 + 10*y + 7. What is the remainder when q is divided by d(g)?
4
Suppose -4*f = v - 77, 3*f + v - 69 = -2*v. What is the remainder when 70 is divided by f?
16
Suppose -5*q = 10, -3*q - 9 = -2*r + 5. Suppose 6*d - d - 8780 = 0. Calculate the remainder when d/36 + r/18 is divided by 17.
15
Let q = 4 + -3. Let m = -7 - -14. What is the remainder when 3/q*26/6 is divided by m?
6
Let x = -127 - -173. Calculate the remainder when x is divided by 7.
4
Let k(c) = -c**2 - 6*c. Let i(f) = -f**2 - 6*f + 4. Calculate the remainder when i(-5) is divided by k(-5).
4
Suppose 6*n = n + 10. Let g = n + 0. Suppose -10 = -4*u - g*x, 15 = 4*u - 5*x - 16. Calculate the remainder when u is divided by 3.
1
Let b = -3 + 6. Let u = 10 - b. Calculate the remainder when 18 is divided by u.
4
Suppose w = -1 + 3. What is the remainder when (-5)/(-1) + -4 - (2 + -6) is divided by w?
1
Suppose -2*n + g + 21 = -0*n, 2*n - 3*g = 31. What is the remainder when 85 is divided by n?
5
Suppose 4*w - i - 24 - 49 = 0, 3*w - 53 = -i. What is the remainder when w is divided by 7?
4
Let d(h) = -5*h - 4. Let u be d(-7). Let s = 10 - u. Let p = s + 32. Calculate the remainder when p is divided by 4.
3
Let q = -12 - -30. Calculate the remainder when 32 is divided by q.
14
Suppose -4*w + 17 = -7. Let c(j) = -11*j - 1. Let k be c(1). Calculate the remainder when 3 is divided by (w/(-4))/(k/16).
1
Suppose -12 = -2*x - 2*x. Suppose 4*m - 2 = b, 0*b + 3 = 3*b - x*m. Calculate the remainder when b is divided by 2.
0
Suppose -23 = -11*p + 439. Calculate the remainder when p is divided by 24.
18
Suppose -2*x - 2*x + 40 = 5*j, -45 = -5*j - 3*x. Suppose -12*s + 16*s = -96. Let b = 11 - s. Calculate the remainder when b is divided by j.
11
Let o(b) = -4 + 0*b**2 - 1 - b**2 + 8*b. Suppose -4*q + 57 = -q. What is the remainder when q is divided by o(6)?
5
Let n = -2 + -1. Let m = 12 - n. What is the remainder when 29 is divided by m?
14
Let h(m) = m**2 - m - 2. Let u be h(3). Suppose 3*x - 5*f - 33 = 0, 4*x - 3*f - 37 = -u. Calculate the remainder when x is divided by 4.
2
Let n(a) = a**3 + 11*a**2 + 9*a + 1. What is the remainder when 20 is divided by n(-10)?
9
Let d(h) = 